{"id":194,"date":"2020-09-08T05:04:11","date_gmt":"2020-09-08T05:04:11","guid":{"rendered":"https:\/\/fusinglass.com\/index.php\/home\/"},"modified":"2022-04-09T21:40:52","modified_gmt":"2022-04-09T21:40:52","slug":"home","status":"publish","type":"page","link":"https:\/\/fusinglass.com\/","title":{"rendered":"Inicio"},"content":{"rendered":"\n\n\n\n\n\n<p><\/p>\n\n\n\n<p><\/p>\n\n\n\n<h2 class=\"has-text-align-center wp-block-heading\"><sup>NUESTROS VALORES<br>&nbsp; LA CALIDAD Y EL BUEN SERVICIO<\/sup><\/h2>\n\n\n\n<p><\/p>\n\n\n\n<p>La empresa&nbsp;<strong>Fusinglass<\/strong>&nbsp;fue fundada en el a\u00f1o 1999 por dos amigos. Una empresa dedicada al sector del vidrio, disponiendo de un gran potencial tanto humano como log\u00edstico, para proporcionar a nuestros clientes todos los trabajos posibles en el mundo del vidrio:&nbsp;<strong>Vidrio Curvado de grandes y peque\u00f1as dimensiones, T\u00e9cnica del Termoformado<\/strong>, <strong>Serigraf\u00eda con esmaltes de baja y alta temperatura<\/strong>, <strong>Calcas<\/strong>, <strong>Mamparas<\/strong>,<strong>&nbsp;Encimeras tanto de lavabos como de laboratorios<\/strong>,&nbsp;<strong>Vidrios Mateados, Vidrieras de Plomo, Vidrieras de Aluminio, Vidrios Laminados Transparentes y de color, Plateamos el Vidrio como un Espejo, Tallas en el Vidrio, Biselados para Vidrieras<\/strong>,&nbsp;<strong>Vidrio Templado, Fusing<\/strong>,&nbsp;<strong>etc.<\/strong><\/p>\n\n\n\n<p>Siendo nuestra mayor parte del trabajo&nbsp;<strong>Artesanal, Fusinglass&nbsp;<\/strong>tambi\u00e9n ofrece a nuestros clientes, toda la amplia gama de vidrio de la t\u00edpica cristaler\u00eda con las exigencias de nuestros clientes. Para ello,&nbsp;<strong>Fusinglass<\/strong>, posee en su secci\u00f3n de dise\u00f1o, todas la maquinaria, experiencia y profesionalidad necesaria para cumplir dichos deseos.<\/p>\n\n\n\n<p>Somos fabricantes de toda clase de vidrio, por ello, no dude en contactar con nosotros.<\/p>\n\n\n\n<p><\/p>\n\n\n\n<h2 class=\"has-text-align-center has-ast-global-color-0-color has-ast-global-color-7-background-color has-text-color has-background wp-block-heading\">VIDRIO CON LA T\u00c9CNICA DEL FUSING<\/h2>\n\n\n\n<p><\/p>\n\n\n\n<figure class=\"wp-block-gallery has-nested-images columns-default is-cropped wp-block-gallery-2 is-layout-flex wp-block-gallery-is-layout-flex\">\n<figure class=\"wp-block-image size-large\"><img loading=\"lazy\" decoding=\"async\" width=\"2560\" height=\"933\" data-id=\"322\" src=\"https:\/\/fusinglass.com\/wp-content\/uploads\/2022\/04\/FUSING-125-scaled.jpg\" alt=\"\" class=\"wp-image-322\" srcset=\"https:\/\/fusinglass.com\/wp-content\/uploads\/2022\/04\/FUSING-125-scaled.jpg 2560w, https:\/\/fusinglass.com\/wp-content\/uploads\/2022\/04\/FUSING-125-300x109.jpg 300w, https:\/\/fusinglass.com\/wp-content\/uploads\/2022\/04\/FUSING-125-1024x373.jpg 1024w, https:\/\/fusinglass.com\/wp-content\/uploads\/2022\/04\/FUSING-125-768x280.jpg 768w, https:\/\/fusinglass.com\/wp-content\/uploads\/2022\/04\/FUSING-125-1536x560.jpg 1536w, https:\/\/fusinglass.com\/wp-content\/uploads\/2022\/04\/FUSING-125-2048x746.jpg 2048w\" sizes=\"auto, (max-width: 2560px) 100vw, 2560px\" \/><\/figure>\n<\/figure>\n\n\n\n<p><\/p>\n\n\n\n<h2 class=\"has-text-align-center has-ast-global-color-0-color has-ast-global-color-7-background-color has-text-color has-background wp-block-heading\">ALGUNOS DE<br>NUESTROS TRABAJOS<\/h2>\n\n\n\n<p><\/p>\n\n\n\n<div class=\"wp-block-columns is-layout-flex wp-container-core-columns-is-layout-9d6595d7 wp-block-columns-is-layout-flex\">\n<div class=\"wp-block-column is-layout-flow wp-block-column-is-layout-flow\">\n<figure class=\"wp-block-gallery has-nested-images columns-default is-cropped wp-block-gallery-3 is-layout-flex wp-block-gallery-is-layout-flex\">\n<figure class=\"wp-block-image size-large\"><img loading=\"lazy\" decoding=\"async\" width=\"1440\" height=\"2560\" data-id=\"323\" src=\"https:\/\/fusinglass.com\/wp-content\/uploads\/2022\/04\/SIN-CARA-scaled.jpg\" alt=\"\" class=\"wp-image-323\" srcset=\"https:\/\/fusinglass.com\/wp-content\/uploads\/2022\/04\/SIN-CARA-scaled.jpg 1440w, https:\/\/fusinglass.com\/wp-content\/uploads\/2022\/04\/SIN-CARA-169x300.jpg 169w, https:\/\/fusinglass.com\/wp-content\/uploads\/2022\/04\/SIN-CARA-576x1024.jpg 576w, https:\/\/fusinglass.com\/wp-content\/uploads\/2022\/04\/SIN-CARA-768x1365.jpg 768w, https:\/\/fusinglass.com\/wp-content\/uploads\/2022\/04\/SIN-CARA-864x1536.jpg 864w, https:\/\/fusinglass.com\/wp-content\/uploads\/2022\/04\/SIN-CARA-1152x2048.jpg 1152w\" sizes=\"auto, (max-width: 1440px) 100vw, 1440px\" \/><\/figure>\n<figcaption class=\"blocks-gallery-caption\"><strong>BARANDAS CON VIDRIO LAMINADO<\/strong><\/figcaption><\/figure>\n<\/div>\n\n\n\n<div class=\"wp-block-column is-layout-flow wp-block-column-is-layout-flow\">\n<figure class=\"wp-block-image size-full\"><img loading=\"lazy\" decoding=\"async\" width=\"676\" height=\"960\" src=\"https:\/\/fusinglass.com\/wp-content\/uploads\/2022\/04\/943320_470536109693917_1341583061_n.jpg\" alt=\"\" class=\"wp-image-324\" srcset=\"https:\/\/fusinglass.com\/wp-content\/uploads\/2022\/04\/943320_470536109693917_1341583061_n.jpg 676w, https:\/\/fusinglass.com\/wp-content\/uploads\/2022\/04\/943320_470536109693917_1341583061_n-211x300.jpg 211w\" sizes=\"auto, (max-width: 676px) 100vw, 676px\" \/><\/figure>\n\n\n\n<p class=\"has-text-align-center\"><strong>ENCIMERAS DE VIDRIO<\/strong><\/p>\n<\/div>\n\n\n\n<div class=\"wp-block-column is-layout-flow wp-block-column-is-layout-flow\">\n<figure class=\"wp-block-image size-large\"><img loading=\"lazy\" decoding=\"async\" width=\"671\" height=\"1024\" src=\"https:\/\/fusinglass.com\/wp-content\/uploads\/2022\/04\/14-2-671x1024.jpg\" alt=\"\" class=\"wp-image-325\" srcset=\"https:\/\/fusinglass.com\/wp-content\/uploads\/2022\/04\/14-2-671x1024.jpg 671w, https:\/\/fusinglass.com\/wp-content\/uploads\/2022\/04\/14-2-197x300.jpg 197w, https:\/\/fusinglass.com\/wp-content\/uploads\/2022\/04\/14-2-768x1171.jpg 768w, https:\/\/fusinglass.com\/wp-content\/uploads\/2022\/04\/14-2.jpg 981w\" sizes=\"auto, (max-width: 671px) 100vw, 671px\" \/><\/figure>\n\n\n\n<p class=\"has-text-align-center\"><strong>T\u00c9CNICA DE FUSING<\/strong><\/p>\n<\/div>\n<\/div>\n","protected":false},"excerpt":{"rendered":"<p>NUESTROS VALORES&nbsp; LA CALIDAD Y EL BUEN SERVICIO La empresa&nbsp;Fusinglass&nbsp;fue fundada en el a\u00f1o 1999 por dos amigos. Una empresa dedicada al sector del vidrio, disponiendo de un gran potencial tanto humano como log\u00edstico, para proporcionar a nuestros clientes todos los trabajos posibles en el mundo del vidrio:&nbsp;Vidrio Curvado de grandes y peque\u00f1as dimensiones, T\u00e9cnica &hellip;<\/p>\n<p class=\"read-more\"> <a class=\"\" href=\"https:\/\/fusinglass.com\/\"> <span class=\"screen-reader-text\">Inicio<\/span> Leer m\u00e1s &raquo;<\/a><\/p>\n","protected":false},"author":1,"featured_media":0,"parent":0,"menu_order":0,"comment_status":"closed","ping_status":"closed","template":"","meta":{"site-sidebar-layout":"no-sidebar","site-content-layout":"plain-container","ast-main-header-display":"","ast-hfb-above-header-display":"","ast-hfb-below-header-display":"","ast-hfb-mobile-header-display":"","site-post-title":"disabled","ast-breadcrumbs-content":"","ast-featured-img":"","footer-sml-layout":"","theme-transparent-header-meta":"default","adv-header-id-meta":"","stick-header-meta":"","header-above-stick-meta":"","header-main-stick-meta":"","header-below-stick-meta":"","footnotes":""},"class_list":["post-194","page","type-page","status-publish","hentry"],"uagb_featured_image_src":{"full":false,"thumbnail":false,"medium":false,"medium_large":false,"large":false,"1536x1536":false,"2048x2048":false},"uagb_author_info":{"display_name":"admin","author_link":"https:\/\/fusinglass.com\/index.php\/author\/admin_vc9cilt3\/"},"uagb_comment_info":0,"uagb_excerpt":"NUESTROS VALORES&nbsp; LA CALIDAD Y EL BUEN SERVICIO La empresa&nbsp;Fusinglass&nbsp;fue fundada en el a\u00f1o 1999 por dos amigos. Una empresa dedicada al sector del vidrio, disponiendo de un gran potencial tanto humano como log\u00edstico, para proporcionar a nuestros clientes todos los trabajos posibles en el mundo del vidrio:&nbsp;Vidrio Curvado de grandes y peque\u00f1as dimensiones, T\u00e9cnica&hellip;","_links":{"self":[{"href":"https:\/\/fusinglass.com\/index.php\/wp-json\/wp\/v2\/pages\/194","targetHints":{"allow":["GET"]}}],"collection":[{"href":"https:\/\/fusinglass.com\/index.php\/wp-json\/wp\/v2\/pages"}],"about":[{"href":"https:\/\/fusinglass.com\/index.php\/wp-json\/wp\/v2\/types\/page"}],"author":[{"embeddable":true,"href":"https:\/\/fusinglass.com\/index.php\/wp-json\/wp\/v2\/users\/1"}],"replies":[{"embeddable":true,"href":"https:\/\/fusinglass.com\/index.php\/wp-json\/wp\/v2\/comments?post=194"}],"version-history":[{"count":14,"href":"https:\/\/fusinglass.com\/index.php\/wp-json\/wp\/v2\/pages\/194\/revisions"}],"predecessor-version":[{"id":681,"href":"https:\/\/fusinglass.com\/index.php\/wp-json\/wp\/v2\/pages\/194\/revisions\/681"}],"wp:attachment":[{"href":"https:\/\/fusinglass.com\/index.php\/wp-json\/wp\/v2\/media?parent=194"}],"curies":[{"name":"wp","href":"https:\/\/api.w.org\/{rel}","templated":true}]}}